rime?
False
Suppose x - 1002 = -3*x + 2*h, -5*x = -2*h - 1254. Let s = x - 173. Is s a prime number?
True
Suppose h + 6 = 3*h. Let w = -173 + 275. Suppose -h*d = -a + 34, a = -2*a - 2*d + w. Is a composite?
True
Let q(t) = -11*t + 5. Let j be q(-7). Suppose j = 4*c + 6. Is c a prime number?
True
Is (8/(-6))/((-6)/963) prime?
False
Suppose -2*i - 3*p = -73 - 297, 2*i - 3*p = 370. Is i prime?
False
Suppose 2*s - 152 = -2*s. Is s a prime number?
False
Let s = 10 + 6. Suppose 2*g - s = 3*z - 7, 0 = -4*g + 2*z + 22. Suppose 0 = -3*d + 3, 4*l - 5*d - 129 = g. Is l composite?
True
Suppose 5*j = -3*m + 6, j - 3*m + 2 = -4. Let y = -2 + 4. Suppose 0 = -j*w + y*w - 114. Is w a prime number?
False
Suppose -15 = 2*y + 3*y. Let t be 2/4 + (-17)/(-2). Let q = t + y. Is q composite?
True
Let n(l) = l**3 + 3*l**2 - 10*l - 9. Is n(7) prime?
False
Let a(r) = 25*r - 34. Is a(13) a composite number?
True
Let h be (2*-1)/(-1)*1. Suppose -5*x + 42 = 6*r - 2*r, h*r - x = 14. Is 1110/14 - r/28 composite?
False
Let w = 375 + -164. Is w composite?
False
Let p = 969 - 630. Is p prime?
False
Suppose 10559 = 10*v - 17591. Is v prime?
False
Let j = -9 + 7. Let r(w) = w - 1. Let c be r(j). Is c - (-235 - (3 + -2)) a composite number?
False
Suppose 0 = -5*u - 204 - 646. Let z = u + 555. Let i = z + -270. Is i a prime number?
False
Suppose -4*p + 841 = -387. Is p composite?
False
Let d = -353 + 670. Is d composite?
False
Let a(p) = 3 + 0*p**2 - 2*p + 6 + 0*p**2 + p**2. Suppose -2*g - 2*c = -8, 36 = -0*g + 5*g - 3*c. Is a(g) composite?
True
Suppose -4*s = 3*x - 9 - 14, 2*x - 16 = -3*s. Suppose 298 = 4*o - s*o. Is o a composite number?
False
Suppose 0*k - 6*k = -3030. Is k prime?
False
Let g(h) = -h + 6. Let o be g(3). Suppose 2*k - 19 = -o*z + 53, 61 = 2*z - 3*k. Is z prime?
False
Let a(o) = -15*o**3 + o + 1. Is a(-2) a composite number?
True
Let t be (-1470)/(-9) - 1/3. Suppose -4*y + 3*q + 330 + 322 = 0, -y + 5*q = -t. Is y a composite number?
False
Suppose 3*x + 71 = -2*t + 871, 2*x - 1195 = -3*t. Is t composite?
False
Suppose 0 = -i + 49 + 162. Is i composite?
False
Let a(m) = m**3 - 6*m**2 + 4. Let q be a(6). Suppose 0 = -t + 4, 4*t = 5*c - 0 - q. Suppose c*f + 3 - 311 = 0. Is f composite?
True
Suppose -2*n = -5*n + 4*g - 10, 0 = 3*n + 5*g + 28. Let l be (2/(-3))/((-5)/75). Is 4/n*(-45)/l prime?
True
Suppose -72 = -o - f + 30, -4*f = 20. Let t = 27 - 15. Let z = t + o. Is z a composite number?
True
Let i be (-5)/((-10)/6) - 1. Suppose i*k - 205 - 49 = 0. Is k composite?
False
Suppose 0 = -5*i + 406 + 1189. Suppose -g + i = -3*r - 201, -2*g + 696 = -4*r. Let p = -45 - r. Is p a prime number?
True
Let s = 110 - -29. Is s a prime number?
True
Is (-2)/4*(0 - 1562) composite?
True
Suppose 3*r + r - 8 = 0. Let k be (-6)/r*38/(-6). Let v = k - 10. Is v composite?
True
Let j(b) = 160*b**2 + 1. Let s be (-4 + 1)/((-3)/2). Suppose -5*k + 4*m - s*m + 3 = 0, 5*k - 10 = -5*m. Is j(k) a prime number?
False
Suppose 121 = -5*b - 39. Suppose -8 = -2*d, 0*o - 2*d - 60 = 4*o. Let a = o - b. Is a composite?
True
Suppose 0 = w - 0 - 2, 5*v = -3*w + 431. Is v composite?
True
Let a(z) = -z - 3. Let k be a(-3). Suppose k = -4*c + 3 + 5. Suppose -c*q + 0*q = -190. Is q a composite number?
True
Suppose 0 = -0*g + g - 3*t + 13, 3*t = -3*g + 21. Let b be (g - 2) + (-2 - -12). Let x(c) = -c**2 + 14*c - 3. Is x(b) a composite number?
False
Suppose 152 = 4*x + 28. Let g = x - -56. Is g a prime number?
False
Let f be 155/((15/6)/5). Suppose -2*d + 779 = 3*t, 48 = -t - 3*d + f. Is t composite?
True
Let y be ((-906)/8)/((-1)/4). Suppose -3*k + 4*k = 5*u - y, 0 = 4*u - 5*k - 354. Is u a composite number?
True
Let y(v) = -467*v - 2. Let w be y(1). Let i = w - -720. Is i a prime number?
True
Let s(n) = 31*n + 42. Is s(19) a prime number?
True
Let l(p) = -2*p**3 - 4*p**2 - 4*p - 3. Let s be l(-2). Suppose -s*z = -236 + 66. Is z prime?
False
Let k(x) = 1 - 54*x - 7 + 4. Let l be k(-2). Suppose 4*q = 6*p - 5*p + 95, -5*q + l = 3*p. Is q prime?
True
Suppose -3*h - 307 = -r, -3*r + 1196 = r - 4*h. Is r prime?
False
Let m be 1*10 + 0 - 2. Let w = m + 104. Suppose d = 4*d + 2*f - w, 2*d = -3*f + 83. Is d a composite number?
True
Let r(i) = 3 - 5*i + 7*i + 12*i - 14. Is r(9) prime?
False
Is ((-2)/3)/(36/(-277938)) prime?
True
Let g(v) = v - 2. Let h be g(6). Let q(s) = s**3 - s**2 - s. Let u(i) = 2*i**3 + 2*i**2 - 5*i + 2. Let o(w) = -3*q(w) + u(w). Is o(h) a prime number?
False
Let n be (1 + 0)*6/3. Suppose k = 4*a + 136, 2*k - 4*a - 290 = -n*a. Suppose 4*w - 2*d - k = -7*d, 0 = -3*w + d + 111. Is w a prime number?
True
Suppose 5*u - 943 = -4*t, 3*u = 5*u + t - 379. Is u a composite number?
False
Suppose -4*p = -3*x - 57, 13 - 92 = -5*p - 4*x. Suppose 9*z = 4*z - p. Let b(d) = -3*d**3 + 4*d**2 - d - 1. Is b(z) a prime number?
False
Let i(a) = 4*a**3 + 3*a - 3. Let f be 0 - (-2 + -4)/3. Is i(f) composite?
True
Suppose -2*i + 221 = 2*s - s, 585 = 5*i - 4*s. Is i a composite number?
False
Suppose 5*q - 6 = 2*q. Suppose -q*i + 164 = -258. Is i composite?
False
Let a(p) = -3*p + 5 - 3*p + p. Let c(d) = d + 1. Let b(y) = -a(y) - 3*c(y). Is b(11) a composite number?
True
Suppose -4*y = 3*p - 757, -5*y = -2*p - y + 498. Is p prime?
True
Let q = 10 - 6. Let h = 75 + q. Is h a composite number?
False
Suppose 0 = 2*v - 18706 + 6612. Is v a prime number?
True
Suppose -3*c - 2*c + 25 = 0. Let b(p) = 3 - 3*p - 2*p**2 + 5*p - 9 + p**3. Is b(c) composite?
False
Suppose 2*h - 6*h - 16 = 0. Let z(v) = 2*v**2 + 5*v + 2. Is z(h) a prime number?
False
Let h be 1 + (1 + 1 - -273). Let q be -2 - (-6 - (2 - 3)). Suppose 46 - 176 = -2*k + q*r, -2*r - h = -4*k. Is k composite?
False
Let w be (-86)/10 - 8/20. Let q = w - -19. Is q a prime number?
False
Let m = -7 + -5. Let o be m/(-10)*(-410)/(-4). Let v = o + -70. Is v a composite number?
False
Let v(b) = 3*b**2 + 5*b + 3. Is v(-4) a composite number?
False
Let p be 2*((-33)/(-6))/1. Suppose 4*n - 52 = -3*s, 5*n + p + 14 = 0. Suppose -4*o = 4*x - 312, -4*x = -4*o - 328 + s. Is x a composite number?
True
Suppose 2*g - b = b + 666, -2*b = g - 327. Is g prime?
True
Suppose -144 + 8 = -4*g. Is g composite?
True
Let n(c) = -17*c**2 - c + 3. Let o(h) = -34*h**2 - 2*h + 7. Let i(d) = -9*n(d) + 4*o(d). Is i(2) a composite number?
False
Suppose -3 = -4*s + 5*s. Suppose 0 = -u + 2*p - 0 - 1, -2*p = -6. Is -2 - 1*s*u a composite number?
False
Suppose 0 = -2*o + 23 - 7. Suppose -t + 101 = -o. Is t composite?
False
Let w(q) = 9*q - 10. Is w(9) prime?
True
Is ((-4)/7)/(28/(-14602)) composite?
True
Let s(m) = m**2 + m + 17. Let t be s(0). Let x(q) = 2*q**2 - 14*q - 5. Is x(t) a prime number?
False
Suppose -1366 = -4*j + 2446. Is j a prime number?
True
Suppose 4*u - 931 = 593. Is u prime?
False
Let o(y) = -55*y**3 - 2*y**2 - 3*y - 1. Is o(-2) prime?
False
Suppose 5*b - 4789 = -4*t + 3149, 0 = -3*t - 3*b + 5955. Is t a composite number?
False
Suppose 3*i - 76 = 68. Suppose 3*l = 5*w + 628, -l - i + 261 = 2*w. Is l composite?
False
Let a(g) = -g**3 - 2*g**2 + 7*g + 6. Let u = 6 - 11. Let p = 1 + u. Is a(p) prime?
False
Let n = -5 - -7. Is 13 - (1 + (0 - n)) a prime number?
False
Suppose k - 24 = 48. Let w = k - -39. Is w a prime number?
False
Suppose -k + 32 + 57 = 0. Is k a prime number?
True
Suppose -3*s - 1465 = -p, 0 = 2*p - 0*p + s - 2958. Is p a composite number?
True
Suppose 6*c = 2*c - 116. Let s = c + 50. Is s prime?
False
Let b(z) = 13*z + 11. Suppose h - 9 = -1. Is b(h) prime?
False
Suppose -2*g - 32 + 152 = -3*x, 4*x - 3*g + 159 = 0. Let y = 157 + x. Suppose 2*o - 5*o - 2*d = -y, -2*d = 4*o - 152. Is o prime?
True
Is (-2194)/(-4) - 3/2 a composite number?
False
Suppose -5*a + 146 = 4*w - 3*a, 3*a = w - 26. Suppose -9*y = -10*y + 2. Suppose m = y*m - w. Is m a composite number?
True
Let w(z) be the second derivative of 12*z**5/5 - z**4/12 + z. Is w(1) composite?
False
Let s be -2*(2 + 22/(-4)). Suppose -s = 2*u - 19. Is 2 + 73 - (u + -5) a prime number?
False
Let k = 11 + -8. Suppose 5*s = p + 3, k*p + 6*s - 2*s = -9. Is p*3/(18/(-8)) a prime number?
False
Suppose 0 = -2*z + 20 - 1158. Let h = -187 + z. Let c = -427 - h. Is c composite?
True
Let g(l) = 26*l**3 + 2*l**2 - 3*l + 2. Let d be g(2). Suppose b = 5*b - d. Suppose 3*x = 4 + b. Is x a prime number?
True
Suppose 4*f + m = 3857, 6*m - 2